
14
Let a(y) = -y**3 + 20*y**2 + 186*y + 77. Calculate a(27).
-4
Let j(x) = 28*x - 4. What is j(4)?
108
Let b(c) = c + 11. Calculate b(-5).
6
Let x(h) = -3*h + 15. What is x(5)?
0
Let x(h) = h**3 - 11*h**2 - 12*h + 17. Give x(12).
17
Let j(r) = 5*r**3 + r**2 - 3*r - 2. What is j(-1)?
-3
Let s(j) = 2*j**2 - 25*j + 12. Calculate s(10).
-38
Let k(d) = -8*d + 9. Determine k(-1).
17
Let f(o) = -34*o**2 - 4*o - 2. Determine f(-1).
-32
Let d(l) = -2*l**2 - 9*l - 5. What is d(-2)?
5
Let i(k) = -k**2 - 10*k - 12. Give i(-8).
4
Let m(b) = 4*b**3 + b**2 - b - 2. Give m(2).
32
Let r(j) = -21*j - 1156. Determine r(-55).
-1
Let j(q) = q + 4. What is j(9)?
13
Let v(f) = -f**3 + 13*f**2 - 13*f - 25. What is v(11)?
74
Let d(w) = -61*w + 431. Determine d(7).
4
Let l(f) = f**3 + 5*f**2 + 5*f + 10. Give l(-4).
6
Let s(v) = 2*v**3 + 13*v**2 - 7*v + 4. Give s(-7).
4
Let r(s) = 3*s - 10. Determine r(-10).
-40
Let v(r) = -r**3 + 4*r**2 - 3*r + 9. Give v(3).
9
Let x(p) = p**2 - 2*p - 4. What is x(6)?
20
Let r(x) = -3*x**3 - 32*x**2 - 17*x - 13. What is r(-10)?
-43
Let z(l) = -7*l + 132. Calculate z(12).
48
Let y(o) = o**3 + 16*o**2 - 2. Calculate y(-16).
-2
Let y(r) = -r + 6. Calculate y(-4).
10
Let c(j) = -j**3 + 9*j**2 - 7. Give c(9).
-7
Let x(q) = -4*q**3 - q**2 - 4*q + 6. Determine x(1).
-3
Let t(f) = 9*f + 29. Calculate t(-5).
-16
Let p(c) = c**3 - 12*c**2 + 17*c + 47. Determine p(10).
17
Let g(n) = -n**3 + 8*n**2 - 13*n + 3. What is g(5)?
13
Let m(k) = k**3 - 9*k**2 - 19*k - 20. Give m(11).
13
Let p(i) = -4*i**2 - 15*i + 1. Determine p(-7).
-90
Let l(z) = 29*z + 389. Calculate l(-13).
12
Let j(v) = -v**3 - 13*v**2 - 21*v. Calculate j(-2).
-2
Let l(u) = 3*u + 76. Calculate l(-14).
34
Let v(p) = p**3 + 3*p**2 - p - 3. What is v(-2)?
3
Let k(d) = -15*d + 347. What is k(23)?
2
Let t(d) = 3*d - 16. Give t(9).
11
Let u(x) = x**3 - 13*x**2 - 14*x - 7. Give u(14).
-7
Let w(g) = -4*g + 14. What is w(5)?
-6
Let i(n) = n**2 - 5*n - 5. Determine i(-10).
145
Let m(h) = h**2 - 17*h - 27. Calculate m(19).
11
Let d(o) = -o**3 + o**2 + 1. Give d(0).
1
Let y(w) = 2*w**3 + 1. Calculate y(-2).
-15
Let z(h) = h**3 + 7*h**2 + 7*h - 5. Determine z(-4).
15
Let c(i) = i**3 - 8*i**2 + 5*i + 16. Determine c(7).
2
Let h(p) = -p**3 - 14*p**2 - 2*p - 24. Determine h(-14).
4
Let h(d) = -2*d**2 - 2*d + 13. Calculate h(3).
-11
Let u(l) = -l - 2. Calculate u(2).
-4
Let u(w) = w**2 + 6*w - 21. Calculate u(-9).
6
Let i(u) = 2*u - 8. Determine i(-1).
-10
Let j(z) = z**3 + 32*z**2 + 90*z + 82. Determine j(-29).
-5
Let f(r) = -r**2 - 7*r + 12. What is f(2)?
-6
Let f(n) = n**2 - 14*n + 23. What is f(13)?
10
Let t(l) = 12*l**2 + 7*l - 6. Give t(4).
214
Let g(k) = -3*k - 12. What is g(-6)?
6
Let d(h) = 13*h - 2. What is d(2)?
24
Let x(h) = -2*h**2 + 50*h + 20. Give x(26).
-32
Let l(u) = u**3 + 13*u**2 - 14*u + 4. Determine l(-14).
4
Let n(h) = 36*h**2 - h. Give n(1).
35
Let a(o) = o**3 + 11*o**2 + 4*o - 9. What is a(-11)?
-53
Let y(h) = -5*h**3 - 3*h**2 + 5*h - 2. What is y(1)?
-5
Let t(v) = 2*v**2 + 9*v + 19. Give t(-2).
9
Let z(q) = q**2 + 11*q + 12. Determine z(-9).
-6
Let l(f) = f**2 + 21*f - 10. Calculate l(-22).
12
Let i(c) = -6*c - 4. Give i(-2).
8
Let o(k) = -k**2 + 70*k - 202. What is o(67)?
-1
Let o(y) = -y**3 + 6*y**2 + 3*y + 30. Give o(7).
2
Let s(a) = 2*a + 19. Determine s(-14).
-9
Let a(d) = -d + 9. Determine a(0).
9
Let s(z) = z**3 + 16*z**2 - 24*z - 21. Calculate s(-17).
98
Let r(x) = x**3 + 6*x**2 + 15*x + 50. Calculate r(-6).
-40
Let f(k) = k**2 + 20*k + 27. Calculate f(-18).
-9
Let i(p) = 12*p - 17. What is i(7)?
67
Let v(c) = -c**2 - 61*c - 550. Give v(-50).
0
Let a(t) = -2*t**3 + 7*t**2 - 2*t + 3. What is a(5)?
-82
Let g(r) = -9*r - 4. Determine g(-3).
23
Let i(j) = -2*j + 92. Give i(31).
30
Let k(z) = z**2 + 4*z. What is k(-4)?
0
Let h(d) = 2*d**2 - 10*d + 6. What is h(4)?
-2
Let o(t) = -3*t + 34. Give o(9).
7
Let b(c) = 4*c. Give b(-1).
-4
Let k(o) = -o**3 - 8*o**2 - 4*o + 15. What is k(-7)?
-6
Let r(t) = -2*t**2 - 13*t - 3. What is r(-9)?
-48
Let a(x) = 3*x**3 - 7*x**2 + 2*x + 6. Determine a(4).
94
Let u(z) = z**3 + 32*z**2 + 31*z + 1. Calculate u(-31).
1
Let f(k) = -k - 18. What is f(-16)?
-2
Let z(j) = j**2 + j - 12. Determine z(-5).
8
Let c(t) = -8*t + 109. What is c(12)?
13
Let p(n) = -18*n - 3. Calculate p(1).
-21
Let d(b) = b + 1. Calculate d(4).
5
Let r(n) = n**3 + 6*n**2 + 5*n + 10. Calculate r(-4).
22
Let c(g) = g**2 - 8*g + 11. Determine c(5).
-4
Let l(f) = -4*f + 3. Determine l(3).
-9
Let d(r) = r**3 + 11*r**2 + 8*r - 14. What is d(-10)?
6
Let b(h) = h**2 - 43*h - 54. Determine b(44).
-10
Let g(d) = -d**2 + 11*d - 6. Calculate g(15).
-66
Let w(g) = 9*g - 69. Give w(8).
3
Let l(c) = 29*c**2 - c. Give l(1).
28
Let v(f) = f**2 - 17*f + 8. Calculate v(16).
-8
Let u(f) = -f**2 + 4*f - 3. Determine u(3).
0
Let r(i) = 2*i**2 + 27*i + 42. Determine r(-12).
6
Let a(d) = d**2 + 12*d + 13. Give a(-10).
-7
Let s(v) = v**2 - 9*v - 117. Calculate s(16).
-5
Let c(s) = -s**2 + 4*s + 7. Give c(6).
-5
Let p(x) = x**3 - 7*x**2 + x - 9. What is p(7)?
-2
Let b(n) = 3*n - 3. What is b(-7)?
-24
Let n(d) = d**3 - 21*d**2 + 34*d - 17. Calculate n(19).
-93
Let a(i) = -2*i. What is a(4)?
-8
Let p(c) = c**2 - 9*c - 4. Calculate p(7).
-18
Let s(a) = -26*a - 54. Determine s(-3).
24
Let p(o) = -4*o**3 - o**2. Determine p(1).
-5
Let f(g) = -g**3 - 2*g**2 + 11*g - 3. Determine f(-5).
17
Let s(r) = -5*r**2 - 2*r. Determine s(1).
-7
Let i(w) = -29*w - 12. Give i(-4).
104
Let s(n) = 2*n**2 - 21*n + 2. Determine s(10).
-8
Let s(b) = -b**2 + b - 1. Determine s(-7).
-57
Let a(b) = b**2 - 5*b - 17. Give a(7).
-3
Let u(l) = l + 45. Give u(-11).
34
Let f(k) = -k**3 + 24*k**2 - 25*k + 45. What is f(23)?
-1
Let w(t) = 3*t. Determine w(3).
9
Let h(s) = 3*s + 29. What is h(-7)?
8
Let z(v) = -2*v**2 - 2*v - 3. Calculate z(-1).
-3
Let s(j) = -4*j**3 + 4*j**2 - 2*j + 5. Give s(2).
-15
Let j(y) = y**3 + 4*y**2 + 5*y + 10. Calculate j(-4).
-10
Let o(p) = p**3 + 7*p**2 - 3*p - 5. What is o(-7)?
16
Let p(c) = -c**2 + 6. Give p(-4).
-10
Let b(l) = 8*l - 9. Give b(5).
31
Let x(p) = 36*p - 164. Give x(5).
16
Let b(r) = 4*r + 11. Calculate b(-4).
-5
Let o(c) = -46*c - 790. Calculate o(-17).
-8
Let h(l) = 10*l - 224. Give h(23).
6
Let d(x) = -x**2 - 7*x + 9. Determine d(-8).
1
Let m(x) = x**3 - x**2 + 2*x + 7. Give m(0).
7
Let b(d) = -3*d - 12. What is b(5)?
-27
Let n(w) = -w**2 + w + 2. What is n(-6)?
-40
Let m(t) = 3*t - 9. What is m(-8)?
-33
Let p(k) = k**3 + 11*k**2 + 11*k + 18. What is p(-10)?
8
Let n(r) = -2*r - 38. Give n(-24).
10
Let s(r) = -r**2 - 15*r + 12. Determine s(-12).
48
Let q(n) = -n**2 - 4*n - 1. Determine q(3).
-22
Let w(i) = i**3 - 12*i**2 - 7*i + 16. Give w(13).
94
Let v(c) = c**3 - 7*c**2 - 16*c + 1. Give v(9).
19
Let s(u) = u**3 - 11*u**2 + 13*u - 25. Calculate s(10).
5
Let m(q) = -11*q + 22. Calculate m(4).
-22
Let j(l) = 2*l - 12. Determine j(6).
0
Let f(n) = n**2 + 12*n + 23. Give f(-7).
-12
Let z(y) = 64*y - 1. Give z(1).
63
Let a(h) = -2*h**3 - 12*h**2 - 10*h. What is a(-5)?
0
Let f(s) = 3*s + 17. Give f(-3).
8
Let a(z) = -2*z + 5. Give a(-4).
13
Let h(q) = -18*q - 23. Give h(1).
-41
Let q(p) = -2*p**3 + 7*p**2 - 7*p + 7. Determine q(4).
-37
Let z(h) = h - 16. What is z(25)?
9
Let r(i) = -4*i - 2. Determine r(-5).
18
Let q(c) = 5*c**2 - c - 1. Give q(-2).
21
Let q(b) = b + 5. What is q(11)?
16
Let c(k) = -12*k**2 + 2*k + 1. What is c(1)?
-9
Let k(n) = 2*n**2 - 16*n + 4. Give k(12).
100
Let w(f) = -10*f - 97. Determine w(-9).
-7
Let g(y) = y + 8. Calculate g(-10).
-2
Let m(z) = -10*z**3 - 2*z**2 - z + 2. What is m(1)?
-11
Let p(f) = -f**3 - 15*f**2 - 13*f - 1. Calculate p(-13).
-170
Let k(y) = -11*y - 11. Calculate k(2).
-33
Let a(w) = 7*w + 47. Calculate a(-9).
-16
Let g(h) = -h**3 + 14*h**2 + h - 14. What is g(14)?
0
Let x(s) = 8*s + 23. What is x(-1)?
15
Let p(y) = y**3 - 3*y**2 + 9*y - 32. Calculate p(3).
-5
Let p(m) = -m**3 + 10*m**2 + 13*m + 10. Determine p(11).
32
Let a(c) = 2*c**2 - 5. What is a(-2)?
3
Let p(y) = 2*y**2 - 7*y + 10. What is p(5)?
25
Let y(p) = 100*p + 1003. Calculate y(-10).
3
Let t(n) = -17*n**2 - 7*n + 7. Calculate t(2).
-75
Let s(p) = p + 7. What is s(-5)?
2
Let c(s) = -s**3 - 3*s**2 + 7*s + 6. Determine c(-4).
-6
Let i(n) = -n**3 + 7*n**2 - 7*n + 6. What is i(5)?
21